{"id":1422,"date":"2023-03-24T05:13:09","date_gmt":"2023-03-24T05:13:09","guid":{"rendered":"https:\/\/bodeguitadelestambre.com\/?page_id=1422"},"modified":"2023-03-28T02:17:53","modified_gmt":"2023-03-28T02:17:53","slug":"envios","status":"publish","type":"page","link":"https:\/\/bodeguitadelestambre.com\/?page_id=1422","title":{"rendered":"Env\u00edos"},"content":{"rendered":"\n<h3 class=\"has-text-align-center wp-block-heading\">Env\u00edos<\/h3>\n\n\n\n<p>Todos los pedidos son enviados en d\u00edas h\u00e1biles de lunes a viernes despu\u00e9s de haberse confirmado el pago del cliente, usted recibir\u00e1 un correo electr\u00f3nico inform\u00e1ndole su n\u00famero de gu\u00eda con el cual podr\u00e1 rastrear en todo momento la ubicaci\u00f3n de su compra.<\/p>\n\n\n\n<p>Recuerde que no debe recibir ning\u00fan paquete abierto, ya que en caso de su mercanc\u00eda presente alguna anomal\u00eda, corre el riesgo de invalidar su garant\u00eda.<\/p>\n\n\n\n<p>Todos nuestros paquetes de env\u00edo se preparan con el mayor esmero y cuidado para que sus art\u00edculos lleguen a sus manos en las mejores condiciones, sin embargo no asumimos responsabilidad por alg\u00fan mal manejo de los servicios de mensajer\u00eda seleccionados.<\/p>\n\n\n\n<p>Los servicios de mensajer\u00eda disponibles son:&nbsp;<\/p>\n\n\n\n<p>+ Correos de M\u00e9xico en servicio de correo registrado, con n\u00famero de gu\u00eda para rastreo con tiempo de entrega de entre 7 y 10 d\u00edas.<\/p>\n\n\n\n<p>+ Fedex en servicio Ordinario con n\u00famero de gu\u00eda para rastreo con tiempo de entrega de entre 3 y 5 d\u00edas.<\/p>\n\n\n\n<p>+ Entrega Local a Domicilio que aplica s\u00f3lo para pedidos realizados en la Ciudad de Pachuca, Hidalgo y con tiempo de entrega el   mismo d\u00eda, siempre y cuando el pedido se realice de lunes a viernes en d\u00eda h\u00e1bil antes de las 13:00 hrs. En el caso de pedidos levantados en horario posterior, la entrega se realizar\u00e1 al siguiente d\u00eda h\u00e1bil.<\/p>\n\n\n\n<p>Podr\u00e1s consultar los precios de cada servicio se encuentran disponibles en la p\u00e1gina de pago de la tienda en l\u00ednea antes concluir su compra.<\/p>\n\n\n\n<p>Los servicios de mensajer\u00eda tienen la obligaci\u00f3n de visitarlo hasta 2 veces en el domicilio se\u00f1alado y si en ninguna de estas visitas fue posible entregar su paquete, este permanecer\u00e1 en la mensajer\u00eda local, posteriormente usted tendr\u00e1 que recoger su paquete en la mensajer\u00eda, de acuerdo al aviso que le dejaron, si usted no recoge su paquete bajo cualquier circunstancia, la mensajer\u00eda devolver\u00e1 su paquete hacia nuestro domicilio y usted tendr\u00e1 que pagar un nuevo costo de env\u00edo.<\/p>\n","protected":false},"excerpt":{"rendered":"<p>Env\u00edos Todos los pedidos son enviados en d\u00edas h\u00e1biles de lunes a viernes despu\u00e9s de haberse confirmado el pago del cliente, usted recibir\u00e1 un correo electr\u00f3nico inform\u00e1ndole su n\u00famero de gu\u00eda con el cual podr\u00e1 rastrear en todo momento la ubicaci\u00f3n de su compra. Recuerde que no debe recibir ning\u00fan paquete abierto, ya que en &hellip;<\/p>\n<p class=\"read-more\"> <a class=\"\" href=\"https:\/\/bodeguitadelestambre.com\/?page_id=1422\"> <span class=\"screen-reader-text\">Env\u00edos<\/span> Leer m\u00e1s &raquo;<\/a><\/p>\n","protected":false},"author":1,"featured_media":0,"parent":0,"menu_order":0,"comment_status":"closed","ping_status":"closed","template":"","meta":{"_uag_custom_page_level_css":"","site-sidebar-layout":"default","site-content-layout":"default","ast-global-header-display":"","ast-main-header-display":"","ast-hfb-above-header-display":"","ast-hfb-below-header-display":"","ast-hfb-mobile-header-display":"","site-post-title":"disabled","ast-breadcrumbs-content":"","ast-featured-img":"","footer-sml-layout":"","theme-transparent-header-meta":"","adv-header-id-meta":"","stick-header-meta":"","header-above-stick-meta":"","header-main-stick-meta":"","header-below-stick-meta":"","footnotes":""},"uagb_featured_image_src":{"full":false,"thumbnail":false,"medium":false,"medium_large":false,"large":false,"1536x1536":false,"2048x2048":false,"woocommerce_thumbnail":false,"woocommerce_single":false,"woocommerce_gallery_thumbnail":false},"uagb_author_info":{"display_name":"Marcos Morales","author_link":"https:\/\/bodeguitadelestambre.com\/?author=1"},"uagb_comment_info":0,"uagb_excerpt":"Env\u00edos Todos los pedidos son enviados en d\u00edas h\u00e1biles de lunes a viernes despu\u00e9s de haberse confirmado el pago del cliente, usted recibir\u00e1 un correo electr\u00f3nico inform\u00e1ndole su n\u00famero de gu\u00eda con el cual podr\u00e1 rastrear en todo momento la ubicaci\u00f3n de su compra. Recuerde que no debe recibir ning\u00fan paquete abierto, ya que en&hellip;","_links":{"self":[{"href":"https:\/\/bodeguitadelestambre.com\/index.php?rest_route=\/wp\/v2\/pages\/1422"}],"collection":[{"href":"https:\/\/bodeguitadelestambre.com\/index.php?rest_route=\/wp\/v2\/pages"}],"about":[{"href":"https:\/\/bodeguitadelestambre.com\/index.php?rest_route=\/wp\/v2\/types\/page"}],"author":[{"embeddable":true,"href":"https:\/\/bodeguitadelestambre.com\/index.php?rest_route=\/wp\/v2\/users\/1"}],"replies":[{"embeddable":true,"href":"https:\/\/bodeguitadelestambre.com\/index.php?rest_route=%2Fwp%2Fv2%2Fcomments&post=1422"}],"version-history":[{"count":3,"href":"https:\/\/bodeguitadelestambre.com\/index.php?rest_route=\/wp\/v2\/pages\/1422\/revisions"}],"predecessor-version":[{"id":1802,"href":"https:\/\/bodeguitadelestambre.com\/index.php?rest_route=\/wp\/v2\/pages\/1422\/revisions\/1802"}],"wp:attachment":[{"href":"https:\/\/bodeguitadelestambre.com\/index.php?rest_route=%2Fwp%2Fv2%2Fmedia&parent=1422"}],"curies":[{"name":"wp","href":"https:\/\/api.w.org\/{rel}","templated":true}]}}